{"id":59,"date":"2019-06-10T22:30:26","date_gmt":"2019-06-10T20:30:26","guid":{"rendered":"http:\/\/wg-kirchenpingarten.de\/wgkipi2019\/?page_id=59"},"modified":"2019-10-25T22:18:27","modified_gmt":"2019-10-25T20:18:27","slug":"impressum","status":"publish","type":"page","link":"http:\/\/wg-kirchenpingarten.de\/wgkipi2019\/impressum\/","title":{"rendered":"Impressum"},"content":{"rendered":"<h1><\/h1>\n<p>Angaben gem\u00e4\u00df \u00a7 5 TMG:<\/p>\n<p>Wahlgemeinschaft Kirchenpingarten<br \/>\nDrei Birken 1<br \/>\n95466 Kirchenpingarten<\/p>\n<h2>Vertreten durch:<\/h2>\n<p>Markus Brauner<br \/>\nDrei Birken 1<br \/>\n95466 Kirchenpingarten<\/p>\n<h2>Kontakt:<\/h2>\n<table>\n<tbody>\n<tr>\n<td><img decoding=\"async\" loading=\"lazy\" style=\"border: 0px none; margin-top: 0px; margin-bottom: 0px;\" src=\"http:\/\/wg-kirchenpingarten.de\/wgkipi2019\/wp-content\/uploads\/telefon.png\" alt=\"\" width=\"30\" height=\"30\" \/><\/td>\n<td>Telefon:<\/td>\n<td>0173 7439416<\/td>\n<\/tr>\n<tr>\n<td><img decoding=\"async\" loading=\"lazy\" style=\"border: 0px none; margin: 0px;\" src=\"http:\/\/wg-kirchenpingarten.de\/wgkipi2019\/wp-content\/uploads\/email.png\" alt=\"\" width=\"30\" height=\"30\" \/><\/td>\n<td>E-Mail:<\/td>\n<td>kontakt[at]wg-kirchenpingarten.de<\/td>\n<\/tr>\n<\/tbody>\n<\/table>\n<p>&nbsp;<\/p>\n<h1>Haftungsausschluss (Disclaimer)<\/h1>\n<p><span style=\"color: #00aaaa;\"><strong>Haftung f\u00fcr Inhalte<\/strong><\/span><\/p>\n<p>Als Diensteanbieter sind wir gem\u00e4\u00df \u00a7 7 Abs.1 TMG f\u00fcr eigene Inhalte auf diesen Seiten nach den allgemeinen Gesetzen verantwortlich. Die Wahlgemeinschaft Kirchepingarten ist bem\u00fcht, das Webangebot stets aktuell und inhaltlich richtig anzubieten. Dennoch ist das Auftreten von Fehlern nicht v\u00f6llig auszuschlie\u00dfen. Die Wahlgemeinschaft \u00fcbernimmt keine Haftung f\u00fcr die Aktualit\u00e4t, die inhaltliche Richtigkeit sowie f\u00fcr die Vollst\u00e4ndigkeit der in ihrem Webangebot eingestellten Informationen.<\/p>\n<p>Nach \u00a7\u00a7 8 bis 10 TMG sind wir als Diensteanbieter jedoch nicht verpflichtet, \u00fcbermittelte oder gespeicherte fremde Informationen zu \u00fcberwachen oder nach Umst\u00e4nden zu forschen, die auf eine rechtswidrige T\u00e4tigkeit hinweisen. Verpflichtungen zur Entfernung oder Sperrung der Nutzung von Informationen nach den allgemeinen Gesetzen bleiben hiervon unber\u00fchrt. Eine diesbez\u00fcgliche Haftung ist jedoch erst ab dem Zeitpunkt der Kenntnis einer konkreten Rechtsverletzung m\u00f6glich. Bei Bekanntwerden von entsprechenden Rechtsverletzungen werden wir diese Inhalte umgehend entfernen.<\/p>\n<p><span style=\"color: #00aaaa;\"><strong>Haftung f\u00fcr Links<\/strong><\/span><\/p>\n<p>Unser Angebot enth\u00e4lt Links zu externen Webseiten Dritter, auf deren Inhalte wir keinen Einfluss haben. Deshalb k\u00f6nnen wir f\u00fcr diese fremden Inhalte auch keine Gew\u00e4hr \u00fcbernehmen. F\u00fcr die Inhalte der verlinkten Seiten ist stets der jeweilige Anbieter oder Betreiber der Seiten verantwortlich. Die verlinkten Seiten wurden zum Zeitpunkt der Verlinkung auf m\u00f6gliche Rechtsverst\u00f6\u00dfe \u00fcberpr\u00fcft. Rechtswidrige Inhalte waren zum Zeitpunkt der Verlinkung nicht erkennbar. Eine permanente inhaltliche Kontrolle der verlinkten Seiten ist jedoch ohne konkrete Anhaltspunkte einer Rechtsverletzung nicht zumutbar. Bei Bekanntwerden von Rechtsverletzungen werden wir derartige Links umgehend entfernen.<\/p>\n<p><span style=\"color: #00aaaa;\"><strong>Urheberrecht<\/strong><\/span><\/p>\n<p>Die durch die Seitenbetreiber erstellten Inhalte und Werke auf diesen Seiten unterliegen dem deutschen Urheberrecht. Die Vervielf\u00e4ltigung, Bearbeitung, Verbreitung und jede Art der Verwertung au\u00dferhalb der Grenzen des Urheberrechtes bed\u00fcrfen der schriftlichen Zustimmung des jeweiligen Autors bzw. Erstellers. Downloads und Kopien dieser Seite sind nur f\u00fcr den privaten, nicht kommerziellen Gebrauch gestattet. Soweit die Inhalte auf dieser Seite nicht vom Betreiber erstellt wurden, werden die Urheberrechte Dritter beachtet. Insbesondere werden Inhalte Dritter als solche gekennzeichnet. Sollten Sie trotzdem auf eine Urheberrechtsverletzung aufmerksam werden, bitten wir um einen entsprechenden Hinweis. Bei Bekanntwerden von Rechtsverletzungen werden wir derartige Inhalte umgehend entfernen.<\/p>\n<p><i>Quellen: <a href=\"http:\/\/www.e-recht24.de\/muster-disclaimer.htm\" target=\"_blank\" rel=\"nofollow noopener noreferrer\">eRecht24 Disclaimer<\/a>, <a href=\"http:\/\/www.e-recht24.de\/muster-disclaimer.htm\" target=\"_blank\" rel=\"nofollow noopener noreferrer\">Disclaimer<\/a> von eRecht24, <\/i><br \/>\n<i>dem Portal zum Internetrecht von Rechtsanwalt S\u00f6ren Siebert<\/i><\/p>\n","protected":false},"excerpt":{"rendered":"<p>Angaben gem\u00e4\u00df \u00a7 5 TMG: Wahlgemeinschaft Kirchenpingarten Drei Birken 1 95466 Kirchenpingarten Vertreten durch: Markus Brauner Drei Birken 1 95466 Kirchenpingarten Kontakt: Telefon: 0173 7439416 E-Mail: kontakt[at]wg-kirchenpingarten.de &nbsp; Haftungsausschluss (Disclaimer) Haftung f\u00fcr Inhalte Als Diensteanbieter sind wir gem\u00e4\u00df \u00a7 7 <a class=\"more-link\" href=\"http:\/\/wg-kirchenpingarten.de\/wgkipi2019\/impressum\/\">weiterlesen  <span class=\"screen-reader-text\">  Impressum<\/span><span class=\"meta-nav\">&rarr;<\/span><\/a><\/p>\n","protected":false},"author":2,"featured_media":0,"parent":0,"menu_order":0,"comment_status":"closed","ping_status":"closed","template":"","meta":[],"_links":{"self":[{"href":"http:\/\/wg-kirchenpingarten.de\/wgkipi2019\/wp-json\/wp\/v2\/pages\/59"}],"collection":[{"href":"http:\/\/wg-kirchenpingarten.de\/wgkipi2019\/wp-json\/wp\/v2\/pages"}],"about":[{"href":"http:\/\/wg-kirchenpingarten.de\/wgkipi2019\/wp-json\/wp\/v2\/types\/page"}],"author":[{"embeddable":true,"href":"http:\/\/wg-kirchenpingarten.de\/wgkipi2019\/wp-json\/wp\/v2\/users\/2"}],"replies":[{"embeddable":true,"href":"http:\/\/wg-kirchenpingarten.de\/wgkipi2019\/wp-json\/wp\/v2\/comments?post=59"}],"version-history":[{"count":3,"href":"http:\/\/wg-kirchenpingarten.de\/wgkipi2019\/wp-json\/wp\/v2\/pages\/59\/revisions"}],"predecessor-version":[{"id":110,"href":"http:\/\/wg-kirchenpingarten.de\/wgkipi2019\/wp-json\/wp\/v2\/pages\/59\/revisions\/110"}],"wp:attachment":[{"href":"http:\/\/wg-kirchenpingarten.de\/wgkipi2019\/wp-json\/wp\/v2\/media?parent=59"}],"curies":[{"name":"wp","href":"https:\/\/api.w.org\/{rel}","templated":true}]}}